 16069813
List the prime factors of 24199787.
19, 1273673
List the prime factors of 17001288.
2, 3, 236129
What are the prime factors of 1143100984?
2, 142887623
What are the prime factors of 2625615615?
3, 5, 7, 25005863
List the prime factors of 240772809.
3, 23, 197, 17713
What are the prime factors of 78192893?
23, 163, 20857
What are the prime factors of 129763177?
129763177
What are the prime factors of 2254882966?
2, 7, 161063069
List the prime factors of 4229458163.
7, 193, 1483, 2111
List the prime factors of 3874024.
2, 7, 11, 19, 331
What are the prime factors of 2284457525?
5, 7, 13054043
List the prime factors of 370551532.
2, 13, 199, 35809
List the prime factors of 43668429.
3, 7, 31, 67079
What are the prime factors of 13975211?
131, 106681
List the prime factors of 81594513.
3, 7, 11, 13, 3019
What are the prime factors of 1333125918?
2, 3, 19, 1299343
List the prime factors of 230253339.
3, 67, 1145539
List the prime factors of 126933813.
3, 19, 661, 1123
List the prime factors of 114826200.
2, 3, 5, 211, 907
List the prime factors of 20326451.
83, 244897
List the prime factors of 289982767.
67, 439, 9859
What are the prime factors of 75560848?
2, 11, 373, 1151
List the prime factors of 4443179509.
17117, 259577
What are the prime factors of 57002464?
2, 23, 41, 1889
List the prime factors of 758474626.
2, 7, 13, 47, 53, 239
List the prime factors of 3478942151.
97, 193, 185831
What are the prime factors of 4282888898?
2, 37, 1597, 36241
List the prime factors of 69827567.
5503, 12689
List the prime factors of 48792007.
11, 29, 152953
What are the prime factors of 579262031?
579262031
What are the prime factors of 785065859?
59, 919, 14479
What are the prime factors of 139527813?
3, 4201, 11071
What are the prime factors of 260825382?
2, 3, 23, 31, 20323
List the prime factors of 134192295.
3, 5, 331339
List the prime factors of 5972452958.
2, 113, 3863, 6841
List the prime factors of 106480695.
3, 5, 7098713
What are the prime factors of 6220735?
5, 883, 1409
List the prime factors of 1946489439.
3, 163, 3980551
What are the prime factors of 1155678297?
3, 3217, 119747
What are the prime factors of 310874214?
2, 3, 7, 7401767
What are the prime factors of 381865279?
199, 1918921
List the prime factors of 937403582.
2, 41, 11431751
List the prime factors of 209822703.
3, 59, 1185439
List the prime factors of 373692787.
13, 28745599
List the prime factors of 7743991.
7743991
What are the prime factors of 76352583?
3, 19, 70501
List the prime factors of 183163145.
5, 11, 23, 13163
What are the prime factors of 99688179?
3, 41, 810473
List the prime factors of 16645854.
2, 3, 2774309
What are the prime factors of 6402152932?
2, 7, 109, 383, 5477
List the prime factors of 2307169366.
2, 607, 1103, 1723
List the prime factors of 33054393.
3, 11018131
What are the prime factors of 1254872973?
3, 131, 173, 18457
What are the prime factors of 29131662?
2, 3, 7, 23, 53, 569
What are the prime factors of 123815245?
5, 24763049
What are the prime factors of 4170799?
727, 5737
List the prime factors of 2783035018.
2, 283, 4917023
List the prime factors of 382019667.
3, 127339889
List the prime factors of 623422482.
2, 3, 73, 1423339
List the prime factors of 5214515982.
2, 3, 13, 53, 1261373
What are the prime factors of 35546044?
2, 8886511
List the prime factors of 15412907.
15412907
What are the prime factors of 1142663345?
5, 23, 113, 87931
List the prime factors of 27167701.
11, 19, 43, 3023
List the prime factors of 2399303408.
2, 5569, 26927
What are the prime factors of 2077167208?
2, 6337, 40973
What are the prime factors of 6146705288?
2, 23, 33406007
What are the prime factors of 1162790015?
5, 223, 1042861
List the prime factors of 1101951866.
2, 17, 653, 49633
What are the prime factors of 109061552?
2, 199, 34253
What are the prime factors of 36670098?
2, 3, 6111683
What are the prime factors of 415131327?
3, 13, 839, 4229
What are the prime factors of 613178059?
13, 29, 1626467
List the prime factors of 192029796.
2, 3, 7, 83, 9181
List the prime factors of 61311330.
2, 3, 5, 23, 1097
List the prime factors of 474626127.
3, 41, 3858749
List the prime factors of 788197901.
788197901
What are the prime factors of 2059019199?
3, 228779911
What are the prime factors of 172477681?
172477681
What are the prime factors of 673532072?
2, 2767, 30427
List the prime factors of 44233953.
3, 14744651
List the prime factors of 7742003000.
2, 5, 7742003
What are the prime factors of 3770699554?
2, 211, 8935307
What are the prime factors of 1636824939?
3, 19, 28716227
What are the prime factors of 65093444?
2, 13, 1251797
What are the prime factors of 3210987155?
5, 29, 22144739
List the prime factors of 767887122.
2, 3, 37, 569, 6079
What are the prime factors of 288852894?
2, 3, 11, 132623
List the prime factors of 244715052.
2, 3, 977, 20873
What are the prime factors of 6747108284?
2, 7, 109, 157, 14081
What are the prime factors of 239080564?
2, 59770141
List the prime factors of 246184808.
2, 1559, 19739
What are the prime factors of 494486944?
2, 7, 37, 59663
What are the prime factors of 27358658?
2, 29, 569, 829
List the prime factors of 171019410.
2, 3, 5, 281, 20287
List the prime factors of 9108136.
2, 463, 2459
What are the prime factors of 112597044?
2, 3, 7, 1340441
What are the prime factors of 1328775575?
5, 131, 631, 643
List the prime factors of 30776902.
2, 13, 17, 179, 389
What are the prime factors of 28944276?
2, 3, 2412023
What are the prime factors of 245709?
3, 23, 1187
What are the prime factors of 119268743?
11, 3001, 3613
What are the prime factors of 80922404?
2, 37, 641, 853
What are the prime factors of 12798476?
2, 19, 47, 3583
What are the prime factors of 292299599?
167, 1750297
List the prime factors of 172038349.
7, 24576907
List the prime factors of 111516765.
3, 5, 23, 31, 10427
List the prime factors of 21913454.
2, 10956727
What are the prime factors of 41922240?
2, 3, 5, 43669
What are the prime factors of 74376808?
2, 11, 37, 53, 431
List the prime factors of 34616560.
2, 5, 11, 139, 283
List the prime factors of 20623823.
11, 1874893
List the prime factors of 260527404.
2, 3, 21710617
What are the prime factors of 99039223?
99039223
What are the prime factors of 156520866?
2, 3, 1997, 13063
List the prime factors of 921072240.
2, 3, 5, 11, 17, 6841
List the prime factors of 948904682.
2, 11, 43132031
List the prime factors of 914657437.
2917, 313561
What are the prime factors of 1239993969?
3, 413331323
What are the prime factors of 391016611?
391016611
What are the prime factors of 17808347?
47, 378901
List the prime factors of 3568935157.
1171, 3047767
What are the prime factors of 1452155169?
3, 37, 79, 165601
List the prime factors of 1678320558.
2, 3, 93240031
What are the prime factors of 895645524?
2, 3, 74637127
What are the prime factors of 186176701?
673, 276637
List the prime factors of 74245897.
11, 6749627
List the prime factors of 9696426.
2, 3, 17, 95063
What are the prime factors of 2398330?
2, 5, 11, 21803
What are the prime factors of 57360259?
11, 19, 274451
List the prime factors of 3449841538.
2, 11, 13, 181, 66643
What are the prime factors of 5397490306?
2, 13, 207595781
List the prime factors of 2309258023.
29, 37, 757, 2843
What are the prime factors of 205525341?
3, 7, 3262307
List the prime factors of 110277780.
2, 3, 5, 673, 2731
List the prime factors of 2240077137.
3, 746692379
List the prime factors of 104840912.
2, 11, 595687
List the prime factors of 946375029.
3, 5717, 6131
What are the prime factors of 132786630?
2, 3, 5, 19, 61, 67
What are the prime factors of 483422572?
2, 8627, 14009
List the prime factors of 52512078.
2, 3, 31, 103, 2741
List the prime factors of 257847536.
2, 1223, 13177
List the prime factors of 255801452.
2, 5503, 11621
What are the prime factors of 267414205?
5, 43, 151, 8237
List the prime factors of 101141900.
2, 5, 97, 10427
What are the prime factors of 3594687?
3, 1198229
List the prime factors of 38451156.
2, 3, 3204263
What are the prime factors of 99305052?
2, 3, 7, 11, 107473
List the prime factors of 41430016.
2, 40459
List the prime factors of 29939614.
2, 31, 482897
List the prime factors of 3464017807.
3464017807
What